the remainder when 1215881 is divided by 547.
447
Calculate the remainder when 57915500 is divided by 2427.
2426
What is the remainder when 30811 is divided by 14334?
2143
Calculate the remainder when 38870 is divided by 68.
42
Calculate the remainder when 1179049 is divided by 2723.
2713
Calculate the remainder when 8305046 is divided by 4152463.
120
What is the remainder when 1644066 is divided by 29357?
74
What is the remainder when 15425 is divided by 706?
599
What is the remainder when 243379 is divided by 665?
654
What is the remainder when 316679 is divided by 164?
159
What is the remainder when 340996 is divided by 4871?
26
Calculate the remainder when 3476158 is divided by 1704.
1702
Calculate the remainder when 1146919 is divided by 36997.
12
What is the remainder when 173330 is divided by 1003?
814
Calculate the remainder when 1795120 is divided by 3095.
20
What is the remainder when 51880 is divided by 61?
30
Calculate the remainder when 14514755 is divided by 62.
59
Calculate the remainder when 1716530 is divided by 30.
20
Calculate the remainder when 39522 is divided by 3072.
2658
Calculate the remainder when 853466 is divided by 34128.
266
Calculate the remainder when 140710 is divided by 152.
110
Calculate the remainder when 65028996 is divided by 253031.
29
What is the remainder when 5464990 is divided by 1812?
1810
Calculate the remainder when 893800 is divided by 82.
0
Calculate the remainder when 15207997 is divided by 144.
13
Calculate the remainder when 24903 is divided by 242.
219
Calculate the remainder when 4596092 is divided by 169.
137
What is the remainder when 654781 is divided by 452?
285
Calculate the remainder when 5184 is divided by 2046.
1092
What is the remainder when 2049866 is divided by 150?
116
Calculate the remainder when 5200260 is divided by 198.
186
Calculate the remainder when 720655 is divided by 240209.
28
What is the remainder when 200316606 is divided by 13266?
6
What is the remainder when 23016801 is divided by 324180?
21
What is the remainder when 583639 is divided by 97265?
49
What is the remainder when 6779112 is divided by 9698?
210
Calculate the remainder when 69410 is divided by 2472.
194
What is the remainder when 2479965 is divided by 94?
57
Calculate the remainder when 3426297 is divided by 1142075.
72
What is the remainder when 462976855 is divided by 32?
23
What is the remainder when 185310 is divided by 46159?
674
What is the remainder when 8215035 is divided by 7143?
585
Calculate the remainder when 551234 is divided by 86.
60
Calculate the remainder when 36776724 is divided by 839.
837
Calculate the remainder when 1044730 is divided by 2005.
125
Calculate the remainder when 13059319 is divided by 2479.
2426
Calculate the remainder when 38696 is divided by 3855.
146
What is the remainder when 825071 is divided by 825058?
13
What is the remainder when 63825 is divided by 21251?
72
Calculate the remainder when 7742332 is divided by 2580764.
40
What is the remainder when 42712 is divided by 18486?
5740
What is the remainder when 1445830 is divided by 36?
34
What is the remainder when 7773565 is divided by 630?
625
Calculate the remainder when 5812557 is divided by 30.
27
What is the remainder when 7370708 is divided by 2252?
2164
What is the remainder when 117522426 is divided by 16499?
49
Calculate the remainder when 566774 is divided by 18.
8
Calculate the remainder when 502233 is divided by 687.
36
Calculate the remainder when 12201510 is divided by 230216.
62
What is the remainder when 177871 is divided by 44464?
15
What is the remainder when 239905023 is divided by 755?
753
Calculate the remainder when 86922 is divided by 1620.
1062
What is the remainder when 4051019 is divided by 4738?
29
What is the remainder when 43081 is divided by 8522?
471
Calculate the remainder when 348134 is divided by 212.
30
Calculate the remainder when 676015 is divided by 894.
151
What is the remainder when 31947 is divided by 276?
207
Calculate the remainder when 215423 is divided by 71800.
23
Calculate the remainder when 7651516 is divided by 33.
4
What is the remainder when 73408979 is divided by 1180?
1179
Calculate the remainder when 388144502 is divided by 35.
32
What is the remainder when 15682728 is divided by 1099?
1097
What is the remainder when 37763635 is divided by 61?
60
What is the remainder when 87973 is divided by 1419?
1414
Calculate the remainder when 2177270 is divided by 1026.
98
What is the remainder when 408984574 is divided by 91?
89
What is the remainder when 94599 is divided by 6301?
84
Calculate the remainder when 5986628 is divided by 63017.
13
Calculate the remainder when 188283 is divided by 1682.
1581
What is the remainder when 1709035732 is divided by 2035?
2032
What is the remainder when 62060 is divided by 6202?
40
What is the remainder when 32536031 is divided by 7269?
7256
What is the remainder when 1567499 is divided by 1315?
19
What is the remainder when 9411902 is divided by 16?
14
Calculate the remainder when 11365794 is divided by 52.
50
What is the remainder when 30852691 is divided by 37038?
37
What is the remainder when 100688 is divided by 25124?
192
What is the remainder when 401606 is divided by 712?
38
What is the remainder when 3665263 is divided by 230?
213
Calculate the remainder when 720483 is divided by 17572.
31
Calculate the remainder when 1071215 is divided by 133900.
15
Calculate the remainder when 1981600 is divided by 110.
60
Calculate the remainder when 161177383 is divided by 40294345.
3
What is the remainder when 356111 is divided by 50871?
14
What is the remainder when 3355862 is divided by 6308?
6
Calculate the remainder when 2167389 is divided by 23.
7
Calculate the remainder when 165856 is divided by 3681.
211
Calculate the remainder when 939200 is divided by 296.
288
What is the remainder when 154771 is divided by 686?
421
What is the remainder when 43411481 is divided by 2151?
2150
What is the remainder when 39875917 is divided by 15?
7
Calculate the remainder when 366496 is divided by 4568.
1056
What is the remainder when 2617097 is divided by 201307?
106
What is the remainder when 365080 is divided by 8490?
10
What is the remainder when 87386 is divided by 43401?
584
What is the remainder when 125688419 is divided by 3227?
3223
Calculate the remainder when 110559 is divided by 5023.
53
Calculate the remainder when 186258 is divided by 5031.
111
Calculate the remainder when 176798 is divided by 388.
258
Calculate the remainder when 84416 is divided by 1624.
1592
Calculate the remainder when 62343 is divided by 19876.
2715
What is the remainder when 28398241 is divided by 7847?
7795
What is the remainder when 16933 is divided by 16406?
527
What is the remainder when 489664 is divided by 43?
23
What is the remainder when 60316 is divided by 29996?
324
What is the remainder when 390003 is divided by 24099?
4419
Calculate the remainder when 6158033 is divided by 904.
889
What is the remainder when 61973809 is divided by 18594?
7
What is the remainder when 5715916 is divided by 101?
23
Calculate the remainder when 282125 is divided by 14.
11
What is the remainder when 92592 is divided by 23147?
4
Calculate the remainder when 14882 is divided by 13306.
1576
Calculate the remainder when 1675117 is divided by 3029.
80
What is the remainder when 736491 is divided by 51?
0
Calculate the remainder when 134429879 is divided by 147.
143
Calculate the remainder when 13589308 is divided by 6037.
21
What is the remainder when 2328370503 is divided by 1912?
1911
Calculate the remainder when 183709127 is divided by 632.
631
What is the remainder when 89427 is divided by 2134?
1933
What is the remainder when 1437836 is divided by 745?
731
Calculate the remainder when 3252182 is divided by 43948.
30
Calculate the remainder when 2005 is divided by 817.
371
Calculate the remainder when 11468368 is divided by 229.
48
Calculate the remainder when 561990 is divided by 6969.
4470
What is the remainder when 3564505 is divided by 127?
123
Calculate the remainder when 25406462 is divided by 128.
126
Calculate the remainder when 31289941 is divided by 1979.
1951
What is the remainder when 42213 is divided by 1243?
1194
Calculate the remainder when 14554612 i